te?
False
Is 16564335409 composite?
False
Is 24701504999 a prime number?
False
Is 16887861967 a prime number?
True
Is 4551638711 a prime number?
False
Is 2000092667 a composite number?
True
Is 255377539 a prime number?
False
Is 146111039479 a prime number?
True
Is 280224299 a composite number?
True
Is 45096023263 composite?
False
Is 8748399739 prime?
False
Is 9398341619 a composite number?
True
Is 251660173547 composite?
False
Is 2145972191 prime?
False
Is 18770931589 prime?
False
Is 23380114867 a composite number?
False
Is 5554237541 composite?
False
Is 6568259 composite?
False
Is 618004209 composite?
True
Is 1602574483 composite?
True
Is 568671106 a composite number?
True
Is 3512359919 prime?
False
Is 1732308367 a prime number?
True
Is 906650687 composite?
False
Is 20949803879 a composite number?
False
Is 416611229 a composite number?
True
Is 13601538527 composite?
False
Is 5564493301 prime?
True
Is 10021874633 composite?
False
Is 239079331 a prime number?
False
Is 6373886489 composite?
True
Is 13065645823 a prime number?
True
Is 28529038703 composite?
True
Is 6638086847 a composite number?
True
Is 11153977243 a prime number?
False
Is 1218334127 a prime number?
False
Is 343577537 a prime number?
False
Is 4670417161 prime?
False
Is 699827959 a composite number?
False
Is 22257602161 prime?
True
Is 11456083 prime?
True
Is 39073933 a composite number?
True
Is 1087654443 prime?
False
Is 567956293 a composite number?
False
Is 4583559151 a prime number?
False
Is 5378806619 prime?
True
Is 9818872907 composite?
False
Is 250136681 a composite number?
False
Is 36395651 prime?
False
Is 1520993407 a composite number?
False
Is 2139013627 a prime number?
False
Is 12250737769 prime?
True
Is 2327692043 composite?
False
Is 346499291 a prime number?
True
Is 63799016249 composite?
True
Is 70060891 a prime number?
True
Is 35161436483 a composite number?
True
Is 668663977 prime?
True
Is 78465909673 a composite number?
True
Is 4223755633 a prime number?
True
Is 3346577969 composite?
True
Is 281530129 composite?
False
Is 2367605819 a prime number?
True
Is 3514848097 a prime number?
True
Is 1002131549 a composite number?
True
Is 58324390829 prime?
False
Is 1400798717 a prime number?
False
Is 5118639737 composite?
True
Is 66275626073 prime?
True
Is 60773594669 a prime number?
False
Is 984068491 a prime number?
False
Is 450479801 composite?
False
Is 1805133553 a prime number?
False
Is 161856778879 a prime number?
True
Is 14385825931 a prime number?
False
Is 31383346993 a prime number?
True
Is 38861847517 a prime number?
True
Is 1755280883 a prime number?
False
Is 303567107 a composite number?
True
Is 41654401769 composite?
True
Is 5774483677 a composite number?
True
Is 78149503 a prime number?
True
Is 5995838707 composite?
False
Is 1615564517 a prime number?
False
Is 3086945747 composite?
False
Is 1731330959 a prime number?
True
Is 942643538 prime?
False
Is 1707199993 a composite number?
True
Is 1735590587 a prime number?
False
Is 6336614539 a composite number?
True
Is 7856288161 a composite number?
True
Is 8406509 composite?
False
Is 2274027529 a composite number?
False
Is 3092685413 composite?
True
Is 3215925051 composite?
True
Is 285175278389 composite?
True
Is 595682303 a composite number?
True
Is 170045974721 prime?
False
Is 120001307 prime?
True
Is 43120112263 a composite number?
True
Is 8109547879 a prime number?
True
Is 918803123 a prime number?
False
Is 19603787 a composite number?
True
Is 1983603507 composite?
True
Is 14578718551 composite?
False
Is 6350594577 composite?
True
Is 10615084493 a prime number?
False
Is 25465564889 prime?
True
Is 2792628177 a composite number?
True
Is 5275050533 a prime number?
True
Is 9215211011 composite?
False
Is 49983277 a composite number?
True
Is 5769551243 a composite number?
True
Is 17455545581 a prime number?
False
Is 165689892397 composite?
True
Is 72960100981 composite?
True
Is 92523028187 a prime number?
False
Is 964762889 a composite number?
False
Is 20933026201 prime?
False
Is 17586976531 composite?
True
Is 1225271309 a prime number?
False
Is 64156144937 composite?
True
Is 17935074151 prime?
False
Is 1777384937 a composite number?
True
Is 7008303077 composite?
False
Is 22598072177 composite?
True
Is 46966877827 a composite number?
True
Is 3562728049 prime?
True
Is 474789401 composite?
True
Is 1284949469 prime?
True
Is 6818395979 a composite number?
False
Is 14498729471 a prime number?
False
Is 4068629329 a composite number?
True
Is 2370326257 composite?
True
Is 42252756841 a prime number?
True
Is 1058162921 prime?
True
Is 58165657 composite?
True
Is 21401081501 a composite number?
True
Is 667136263 prime?
True
Is 834612033 composite?
True
Is 20500443979 a prime number?
True
Is 37629371291 composite?
True
Is 102788339 a prime number?
False
Is 1922385301 prime?
True
Is 6613570153 prime?
False
Is 79088563 a composite number?
False
Is 4016111381 prime?
True
Is 27313800791 a composite number?
False
Is 6986172129 a composite number?
True
Is 7545309047 a composite number?
True
Is 2585076097 composite?
False
Is 346351033139 prime?
True
Is 136952813509 prime?
True
Is 3836060779 a prime number?
True
Is 549282247 composite?
True
Is 10646723959 prime?
False
Is 820098973 a composite number?
True
Is 266262305 prime?
False
Is 6019157279 a composite number?
False
Is 495164003 composite?
True
Is 8051265427 composite?
True
Is 8073946345 composite?
True
Is 1894157171 a composite number?
False
Is 260930207 a prime number?
True
Is 646333267 prime?
False
Is 8656097431 composite?
True
Is 245967961 prime?
True
Is 45704419807 prime?
False
Is 4112923499 a composite number?
False
Is 21074873 composite?
True
Is 77323784513 composite?
True
Is 24779174573 a prime number?
True
Is 151901657221 composite?
False
Is 19667965379 a composite number?
False
Is 60772700294 prime?
False
Is 1738157191 composite?
True
Is 16477655969 prime?
False
Is 2259660491 a composite number?
True
Is 17894897693 a composite number?
False
Is 94104331 prime?
True
Is 653493149 a composite number?
True
Is 1433451059 prime?
True
Is 14145789719 a prime number?
True
Is 6248153231 prime?
False
Is 61880664091 a prime number?
False
Is 17263624229 prime?
True
Is 287324021977 a composite number?
False
Is 906355693 a composite number?
True
Is 2951470633 composite?
True
Is 60365003 composite?
True
Is 18352106807 a composite number?
False
Is 50122435193 prime?
True
Is 333588823 a composite number?
False
Is 16595044351 composite?
True
Is 1239662453 a prime number?
True
Is 2139988737 a prime number?
False
Is 472512640903 prime?
True
Is 407708531 a prime number?
True
Is 31568979887 composite?
True
Is 2648557069 composite?
False
Is 3020199757 prime?
False
Is 1579305671 composite?
True
Is 176676790549 prime?
False
Is 134261363 a composite number?
False
Is 9905896267 a prime number?
False
Is 46965479927 a prime number?
True
Is 1617214877 a composite number?
True
Is 87793205529 a composite number?
True
Is 6153698867 prime?
False
Is 1583647237 a prime number?
True
Is 357590509 prime?
True
Is 21602003491 prime?
False
Is 79143522673 composite?
False
Is 14717012839 prime?
True
Is 589791611 a prime number?
False
Is 3713295731 a composite number?
False
Is 1557858061 prime?
False
Is 4226482763 composite?
True
Is 5587670185 a composite number?
True
Is 36498283 a composite number?
True
Is 124748350621 prime?
True
Is 9424474019 prime?
False
Is 775776049 a prime number?
False
Is 542699617 composite?
True
Is 20461549 a prime number?
False
Is 7653331747 a composite number?
False
Is 6621858065 prime?
False
Is 483725747 a prime number?
True
Is 70129241333 composite?
True
Is 15654317933 a composite number?
False
Is 22681571035 prime?
False
Is 330446569 a prime number?
True
Is 5977673915 composite?
True
Is 215880191 a prime number?
False
Is 24181192643 composite?
True
Is 1058915357 a prime number?
True
Is 14332169 a prime number?
True
Is 7102916123 prime?
True
Is 10121732653 composite?
False
Is 2150391169 a prime number?
False
Is 9155109401 a composite number?
False
Is 70367415851 prime?
True
Is 7386791947 composite?
True
Is 5881016657 a composite number?
False
Is 9838437317 a composite number?
True
Is 5224580107 a composite number?
False
Is 2978850061 composite?
True
Is 10428174013 a prime number?
True
I